+ 3*c + 6. Give b(n).
2
Let a be ((-25)/(-3) - 1) + (-58)/(-87). Let f(r) = -r**2 + 7*r + 3. What is f(a)?
-5
Let y(t) = t**2 + 5*t + 7. Let x(w) = -4*w + 19. Let v be x(6). Give y(v).
7
Let c be (-1 - (-15 - 1))/1. Suppose -3*d - c = -8*d. Let s(o) = -o**2 + o - 2. Determine s(d).
-8
Suppose 0*b - 3*b - 9 = 0. Suppose -3*g + 12 = 2*g - m, -2*g - m = -9. Let h(l) = -1 + g*l**2 + 2 - 4*l**2. Give h(b).
-8
Let s(m) = m**3 + 8*m**2 + m + 5. Let b be ((-11 - 5)/(1*-2))/(-1). Determine s(b).
-3
Let n(h) = -2*h - 3. Let f be n(-2). Let g(x) = -6 - 5*x**2 + 3 - x**3 + x + f - 2. Give g(-5).
-9
Suppose -4*h = -4, 0*a + 4*h - 5 = -a. Let c(v) = -15*v**2 - v + 1. Determine c(a).
-15
Let o(j) = 6*j - 1. Let u = -13 + 18. Let t = u - 5. Suppose t*b + 2 = b. Determine o(b).
11
Let f(t) = -2*t**2 - 5*t + 3. Suppose 0*a = -4*r + 5*a - 4, -2*r - 2 = a. Let u be (-9)/(-3 + 6) + 2. Let m be -3 - (1 + r - u). Calculate f(m).
-9
Let t(g) = g + 4. Suppose -o - 6 = -0*o + w, -3*o = -2*w + 3. Give t(o).
1
Let z(r) = r**2 - r - 3. Suppose 22 = 4*g - 3*l, -g + 3*l - l + 3 = 0. Let t(v) = -v + 10. Let x be t(g). Determine z(x).
3
Let z(c) = c**3 + 4*c**2 - 2. Suppose 0 = 2*d + 6. Let m be z(d). Let n(w) = m*w**3 + 4*w**2 + 2 - 6*w**3 - 2. Calculate n(-4).
0
Let t(p) = -p - 5. Let v be (-24)/15*4/(40/(-25)). What is t(v)?
-9
Let u(q) = -q**3 + 6*q**2 - 5*q + 1. Let c be 1/(-4) - (-42)/8. What is u(c)?
1
Suppose 5*i = i. Let k be (i/(-3))/(1*-1). Suppose 2*t - 5*v + 0*v - 25 = k, 4*t + v - 17 = 0. Let m(f) = -f**3 + 6*f**2 - 7*f + 5. What is m(t)?
-5
Let f be (-2)/(-14) - 41/(-7). Let v = -6 - -3. Let s be f/v*(-2)/4. Let w(o) = -4*o**3. Give w(s).
-4
Suppose 3*l - 26 = a - 2*l, 42 = -2*a + 5*l. Let g = a - -11. Let b(v) = -v**2 - 7*v - 3. Determine b(g).
7
Let v(p) = -2*p**2 + 10*p - 10. Let b(t) = t**2 - 9*t + 10. Let w(r) = -3*b(r) - 2*v(r). Calculate w(-7).
-10
Suppose -5*l + l = 0. Let u = l - 4. Let y(z) = -z**2 - 3*z - 2. Calculate y(u).
-6
Let x(l) = -l**2 + 4*l + 3. Let z(p) = -p**3 + 17*p**2 + 17*p + 23. Let f be z(18). What is x(f)?
-2
Let o = -90 - -89. Let g(r) = -5*r + 1. Determine g(o).
6
Suppose -3 = -4*r + 1. Let q = -3 - r. Let c(k) = k**3 + 4*k**2 + 4. Give c(q).
4
Let v(r) = -3*r - 2. Let l(q) = -q**3 - 13*q**2 - 14*q + 4. Let m be l(-12). Suppose -3*z = -8 - m. Let x be z/(-6) - 0/(-1). What is v(x)?
4
Let d(p) = 5*p - 1 + 5 + 2*p - 2*p - 6*p. Suppose 2*i = -i - 15, -3*s + 5*i + 40 = 0. Determine d(s).
-1
Let s(q) = 3*q + 2. Let t be s(2). Let p = -6 + t. Let r(c) = 0*c**2 - c - c - c**2. Determine r(p).
-8
Let j(w) = 2*w + 3 - 4*w + w + 6. Let r be j(6). Let k(y) = y - 4. Calculate k(r).
-1
Suppose -5 = -3*y + 5*w, 1 = -4*y - w - 0. Let a = 5 + -3. Let h(p) = -2 + 0 - p**a + 6. Determine h(y).
4
Let l(b) be the third derivative of 0 + 1/120*b**6 - 1/3*b**3 + b**2 + 1/12*b**4 + 0*b + 1/20*b**5. What is l(-3)?
-8
Let w(j) = 7*j**2 + j - 7. Let k(n) = 6*n**2 - 6. Let r(d) = 6*k(d) - 5*w(d). Suppose 0 = 4*g + 5*b - 1, 3*g - 2*b - 11 = 7. Give r(g).
-5
Let w(p) = -p**2 - 6*p + 5. Let j = -57 + 52. Determine w(j).
10
Let q(x) = 6*x**2 + x + 1. Let c = 15 - 11. Suppose -5*n + c*n - 7 = 0. Let s = 6 + n. Give q(s).
6
Let t(j) be the second derivative of j**4/12 - j**3/6 - 2*j**2 - 3*j. Give t(3).
2
Let w(g) = g**3 + 4*g**2 + 1. Let b = 5 - 5. Suppose b = -2*s - 0*s + 8. Let c be (6/s)/(6/(-16)). Calculate w(c).
1
Let y be 253/207 + (-4)/18. Let l(r) = -r**3 - 1. Give l(y).
-2
Suppose -5*o + 6 = 2*j - 3*j, 10 = -3*o + 4*j. Let f(i) = -i**3 + 7 + i**2 - 4*i**o - 1 - 2*i**2 + i. Calculate f(-5).
1
Let o(i) = -7*i**3 + 2*i**2 - 2*i + 1. Suppose -4*t + 26 = 22. Calculate o(t).
-6
Suppose 5*h = 12*h - 56. Let i(j) = -j**3 + 9*j**2 - 7*j + 4. Calculate i(h).
12
Let r(m) = -2*m**2 + m - 1. Let l be r(2). Let x be ((-6)/l + 0)*-7. Let h(z) be the second derivative of z**4/12 + z**3 + 5*z**2/2 - 2*z. What is h(x)?
5
Let y(r) = -r**2 - 2*r + 3. Let h be (3 - 4) + 3/1. What is y(h)?
-5
Let u(d) = -2*d + 12. Let n be u(5). Let b(o) = o**3 - o**2 - o + 1. Calculate b(n).
3
Let v(k) = 8*k**2 - 1. Let g(q) = -7*q**2 + 1. Let y(c) = 7*g(c) + 6*v(c). Let i = -5 + 3. Let m be (1/i)/(1/2). Give y(m).
0
Let u(r) be the third derivative of r**4/12 + r**3/6 + 7*r**2. Determine u(3).
7
Let z = -119/12 + 10. Let a(v) be the third derivative of 0 - 1/6*v**3 + 0*v + 1/120*v**6 + 1/8*v**4 + z*v**5 + 3*v**2. What is a(-3)?
8
Suppose r = i - 7, 5*r + 2*i + 17 = -18. Let z(j) = j + 10. What is z(r)?
3
Let h(q) = 4 + q - 3 - 5 - q**3 + q**2. Calculate h(0).
-4
Let q(r) = -r**2 - r + 1. Let w(n) = 9*n**3 - 2*n**2 - 2*n + 3. Let z(d) = -3*q(d) + w(d). What is z(-1)?
-9
Let p(u) be the third derivative of 0 - 5*u**2 + 1/6*u**3 + 0*u + 1/24*u**4. Determine p(0).
1
Let c = -59 - -54. Let x(h) = h**3 + 2*h**2 - 2*h + 1. Let y be x(1). Let g(w) = -4*w - 3*w**y - 2*w**2 - w**3 + 7 + 6*w. Determine g(c).
-3
Let a(t) = 4*t + 3. Let g(d) = -d - 1. Let l(u) = -a(u) - 5*g(u). Let i = -3 - -3. Calculate l(i).
2
Let w(k) = 2*k - 17. Let i(b) = -b + 8. Let f(z) = 7*i(z) + 4*w(z). Let r = -1 + 7. What is f(r)?
-6
Let i(h) = 2*h + 4. Suppose -5*g + 0*g + 15 = 0. Suppose 1 - g = -f. Let s be -7 + 2 + f/2. What is i(s)?
-4
Suppose 0 = -5*j + y + 16, 2*j - 4*y - 13 = -j. Let v(i) = -6*i - 2. Give v(j).
-20
Let y(s) = -s + 4. Let z be y(7). Let o(u) = -u**2 - u - 2. Give o(z).
-8
Let y(k) be the first derivative of -5*k**4/4 + 2*k**3/3 - k + 26. Determine y(1).
-4
Suppose 3*x = 3*d - 3, 1 = -0*x + x. Let n(f) = -3*f - 1 + d*f - 2 - 1. Determine n(-6).
2
Let m(z) be the second derivative of z**4/6 - 4*z. Determine m(-1).
2
Let j(h) = h - 10. Let i(s) = s**3 + 4*s**2 + 2*s - 3. Let r be i(-3). Suppose 15 - 5 = 2*n, -5*t - n = r. Let a be (t/2)/(6/(-60)). What is j(a)?
-5
Let z(t) be the second derivative of t**3/2 + t**2 + 13*t. Determine z(-2).
-4
Let c(v) = 5*v - 6. Let h(d) = -6*d + 5. Let y be -2 + 1 + -6 + 2. Let t(w) = y*c(w) - 4*h(w). What is t(6)?
4
Let j(h) be the third derivative of -h**5/20 - h**4/8 - h**2. Suppose -2*p = 2*p + 8. Give j(p).
-6
Let y = -5 + 5. Let v(h) = h**3 + 4*h**2 + 4. Let j(d) = -d**3 - 5*d**2 - 4. Let n(l) = -3*j(l) - 4*v(l). What is n(y)?
-4
Let z(l) = l**3 - 4*l**2 - 2*l + 2. Let h be z(4). Let n(r) = -r**3 - 5*r**2 + 8*r + 6. Calculate n(h).
-6
Suppose 0*g - 3*g = 0. Let o(w) be the second derivative of -w + 0 - 1/2*w**2 - 1/6*w**3. What is o(g)?
-1
Suppose j = -2*j + 3. Let r(a) = -a + 5 + 3 - j. Calculate r(4).
3
Suppose 11 - 3 = 2*s. Suppose 3*y = 2*p + 2, -4*y + 2*y - s = 0. Let x(z) = z**3 + 5*z**2 + 5*z + 1. Calculate x(p).
-3
Let x(r) be the first derivative of r**2/2 - r + 8. What is x(-3)?
-4
Let z(c) = -3 - 5 + 9 - 2 + c. Let i = 22 + -7. Suppose -k + i = 4*k. Determine z(k).
2
Let m(f) be the third derivative of f**4/8 - f**3/3 + f**2. Let i(n) = -n**3 + 6*n - 8*n**2 - n**3 + 5 + 3*n**3 + 4. Let r be i(7). Determine m(r).
4
Let y(v) be the first derivative of v**4/24 - 7*v**3/6 + 4*v**2 + 6. Let w(l) be the second derivative of y(l). Determine w(4).
-3
Let k be (5/5)/((-1)/(-3)). Let b(j) = 3*j**2 + 2*j**2 - 3*j**k - 3*j**2 - 1 - 3*j**2 - j. Calculate b(-1).
2
Let z = 31 - 38. Let c(f) = -2*f - 9. Determine c(z).
5
Suppose 2*q = 6*q - 16. Suppose 2*t = a - 2, -4*t - 4*a + 21 = t. Let x(k) = -5*k**3 + q*k**3 + 6*k**2 + 6*k + 6 - t + 2*k**3. What is x(-5)?
0
Let s(t) = -t**2 + 3*t - 8. Let z(f) = -1. Let r(o) = s(o) - 4*z(o). What is r(5)?
-14
Let c be ((-2)/(-3))/(6/45). Let p(m) = 5 - c - m. Let u = -9 + 11. Give p(u).
-2
Let b be 18/21*(1 + -8). Let q(i) = -i**3 - 3*i**2 + 6*i + 2. Let x(s) = -3*s**3 - 8*s**2 + 18*s + 7. Let w(z) = -7*q(z) + 2*x(z). What is w(b)?
0
Let r(h) be the third derivative of -h**7/2520 - h**6/720 - h**5/60 - h**4/24 + 5*h**2. Let t(y) be the second derivative of r(y). Calculate t(-2).
-4
Let t(u) = u - 4*u**3 - 2*u**3 + 8*u**3. Calculate t(1).
3
Let c(v) be the third derivative of v**6/240 + v**5/120 - 5*v**4/24 - 3*v**2. Let f(k) be the second derivative of c(k). Determine f(4).
13
Let s(y) = -y**2 - 5*y - 4. Let l = 8 + -14. Let c be 4/l - (-17)/3. Suppose c = 3*d - 4*d. Determine s(d).
-4
Let a(b) = -3*b**3 + 2*b**2 + b. Let o be a(-1). Let d(y) = -3*y - o + 4. Let j be (2/(-6))/(2/(-6)). Determine d(j).
-3
Let u(y) = y**3 + y**2 